{"id":9909,"date":"2023-09-04T15:03:48","date_gmt":"2023-09-04T13:03:48","guid":{"rendered":"https:\/\/www.bioenvrac.fr\/commandes-groupees\/?post_type=product&#038;p=9909"},"modified":"2026-04-07T08:12:05","modified_gmt":"2026-04-07T06:12:05","slug":"tablette-chocolat-lait-noisettes-torrefiees-45-de-cacao","status":"publish","type":"product","link":"https:\/\/www.bioenvrac.fr\/commandes-groupees\/produit\/tablette-chocolat-lait-noisettes-torrefiees-45-de-cacao\/","title":{"rendered":"Tablette chocolat lait, noisettes torr\u00e9fi\u00e9es, 45% de cacao"},"content":{"rendered":"<p>L&rsquo;aventure Grain de Sail est n\u00e9e en 2010, les pieds dans l&rsquo;eau \u00e0 Morlaix en Bretagne, avec cette id\u00e9e audacieuse d&rsquo;aller chercher du caf\u00e9 et du chocolat \u00e0 l&rsquo;autre bout du monde, en limitant au maximum l&rsquo;\u00e9mission de CO2, gr\u00e2ce \u00e0 un moyen de transport unique : le voilier cargo.<\/p>\n<p><strong>DESCRIPTION<\/strong><\/p>\n<p>Tablette de chocolat au lait avec inclusions noisettes torr\u00e9fi\u00e9es et fleur de sel &#8211; BIO<br \/>\nPoids net 100 grammes<\/p>\n<p>Ingr\u00e9dients : sucre de canne*, beurre de cacao*, cacao*,\u00a0<strong>noisettes\u00a0<\/strong>grill\u00e9es hach\u00e9es* (15%), poudre de\u00a0<strong>lait\u00a0<\/strong>entier* (14%), poudre de<strong>\u00a0lait\u00a0<\/strong>\u00e9cr\u00e9m\u00e9* (5,9%)<strong>,\u00a0<\/strong>fleur de sel (0,1%), poudre de vanille*, \u00e9mulsifiant : l\u00e9cithine de tournesol*.<br \/>\n*Ingr\u00e9dient issu de l&rsquo;agriculture biologique<\/p>\n<p>Cacao 45% minimum dans le chocolat au lait.<br \/>\n<strong>Allerg\u00e8nes : Peut contenir des traces de fruits \u00e0 coque, de graines de s\u00e9same, d&rsquo;arachides et de\u00a0c\u00e9r\u00e9ales contenant du gluten.\u00a0<\/strong><\/p>\n<p>Conseil : conserver au sec et au frais<\/p>\n<p><strong><span class=\"s1\">Valeurs nutritionnelles pour 100g<\/span><\/strong><br \/>\nValeur \u00e9nerg\u00e9tiques : 2453 kJ\u00a0 \/ 588 Kcal<\/p>\n<p>Mati\u00e8res grasses : 44 g<br \/>\nDont acides gras : 21 g<\/p>\n<p>Glucides : 37 g<br \/>\nDont sucres : 35 g<\/p>\n<p>Fibres : 6 g<br \/>\nProt\u00e9ines : 10 g<\/p>\n<p>Sel : 0,37 g<\/p>\n","protected":false},"excerpt":{"rendered":"<p><img loading=\"lazy\" decoding=\"async\" class=\"alignnone size-full wp-image-5233\" src=\"https:\/\/www.bioenvrac.fr\/commandes-groupees\/wp-content\/uploads\/2021\/02\/certifie-bio-FR-Bio-15.jpg\" alt=\"\" width=\"180\" height=\"96\" srcset=\"https:\/\/www.bioenvrac.fr\/commandes-groupees\/wp-content\/uploads\/2021\/02\/certifie-bio-FR-Bio-15.jpg 180w, https:\/\/www.bioenvrac.fr\/commandes-groupees\/wp-content\/uploads\/2021\/02\/certifie-bio-FR-Bio-15-50x27.jpg 50w, https:\/\/www.bioenvrac.fr\/commandes-groupees\/wp-content\/uploads\/2021\/02\/certifie-bio-FR-Bio-15-141x75.jpg 141w\" sizes=\"auto, (max-width: 180px) 100vw, 180px\" \/><\/p>\n<p>Origine : Fabriqu\u00e9 en France \/Bretagne<br \/>\n\u2022 La tablette de 100 g : 4,07 \u20ac<\/p>\n","protected":false},"featured_media":9945,"template":"","meta":[],"product_brand":[],"product_cat":[313,28],"product_tag":[295],"class_list":{"0":"post-9909","1":"product","2":"type-product","3":"status-publish","4":"has-post-thumbnail","6":"product_cat-chocolats","7":"product_cat-08-sucres-chocolats","8":"product_tag-grain-de-sail","10":"first","11":"outofstock","12":"taxable","13":"shipping-taxable","14":"purchasable","15":"product-type-simple"},"yoast_head":"<title>Tablette chocolat lait, noisettes torr\u00e9fi\u00e9es, 45% de cacao - Commandes group\u00e9es de produits bio secs<\/title>\n<meta name=\"robots\" content=\"index, follow, max-snippet:-1, max-image-preview:large, max-video-preview:-1\" \/>\n<link rel=\"canonical\" href=\"https:\/\/www.bioenvrac.fr\/commandes-groupees\/produit\/tablette-chocolat-lait-noisettes-torrefiees-45-de-cacao\/\" \/>\n<meta property=\"og:locale\" content=\"fr_FR\" \/>\n<meta property=\"og:type\" content=\"article\" \/>\n<meta property=\"og:title\" content=\"Tablette chocolat lait, noisettes torr\u00e9fi\u00e9es, 45% de cacao - Commandes group\u00e9es de produits bio secs\" \/>\n<meta property=\"og:description\" content=\"Origine : Fabriqu\u00e9 en France \/Bretagne \u2022 La tablette de 100 g : 4,07 \u20ac\" \/>\n<meta property=\"og:url\" content=\"https:\/\/www.bioenvrac.fr\/commandes-groupees\/produit\/tablette-chocolat-lait-noisettes-torrefiees-45-de-cacao\/\" \/>\n<meta property=\"og:site_name\" content=\"Commandes group\u00e9es de produits bio secs\" \/>\n<meta property=\"article:publisher\" content=\"https:\/\/www.facebook.com\/bioenvrac\" \/>\n<meta property=\"article:modified_time\" content=\"2026-04-07T06:12:05+00:00\" \/>\n<meta property=\"og:image\" content=\"https:\/\/www.bioenvrac.fr\/commandes-groupees\/wp-content\/uploads\/2023\/09\/Chocolat-lait-noisettes-45-500.jpg\" \/>\n\t<meta property=\"og:image:width\" content=\"500\" \/>\n\t<meta property=\"og:image:height\" content=\"500\" \/>\n\t<meta property=\"og:image:type\" content=\"image\/jpeg\" \/>\n<meta name=\"twitter:card\" content=\"summary_large_image\" \/>\n<meta name=\"twitter:label1\" content=\"Dur\u00e9e de lecture estim\u00e9e\" \/>\n\t<meta name=\"twitter:data1\" content=\"2 minutes\" \/>\n<script type=\"application\/ld+json\" class=\"yoast-schema-graph\">{\"@context\":\"https:\/\/schema.org\",\"@graph\":[{\"@type\":\"WebPage\",\"@id\":\"https:\/\/www.bioenvrac.fr\/commandes-groupees\/produit\/tablette-chocolat-lait-noisettes-torrefiees-45-de-cacao\/\",\"url\":\"https:\/\/www.bioenvrac.fr\/commandes-groupees\/produit\/tablette-chocolat-lait-noisettes-torrefiees-45-de-cacao\/\",\"name\":\"Tablette chocolat lait, noisettes torr\u00e9fi\u00e9es, 45% de cacao - Commandes group\u00e9es de produits bio secs\",\"isPartOf\":{\"@id\":\"https:\/\/www.bioenvrac.fr\/commandes-groupees\/#website\"},\"primaryImageOfPage\":{\"@id\":\"https:\/\/www.bioenvrac.fr\/commandes-groupees\/produit\/tablette-chocolat-lait-noisettes-torrefiees-45-de-cacao\/#primaryimage\"},\"image\":{\"@id\":\"https:\/\/www.bioenvrac.fr\/commandes-groupees\/produit\/tablette-chocolat-lait-noisettes-torrefiees-45-de-cacao\/#primaryimage\"},\"thumbnailUrl\":\"https:\/\/www.bioenvrac.fr\/commandes-groupees\/wp-content\/uploads\/2023\/09\/Chocolat-lait-noisettes-45-500.jpg\",\"datePublished\":\"2023-09-04T13:03:48+00:00\",\"dateModified\":\"2026-04-07T06:12:05+00:00\",\"breadcrumb\":{\"@id\":\"https:\/\/www.bioenvrac.fr\/commandes-groupees\/produit\/tablette-chocolat-lait-noisettes-torrefiees-45-de-cacao\/#breadcrumb\"},\"inLanguage\":\"fr-FR\",\"potentialAction\":[{\"@type\":\"ReadAction\",\"target\":[\"https:\/\/www.bioenvrac.fr\/commandes-groupees\/produit\/tablette-chocolat-lait-noisettes-torrefiees-45-de-cacao\/\"]}]},{\"@type\":\"ImageObject\",\"inLanguage\":\"fr-FR\",\"@id\":\"https:\/\/www.bioenvrac.fr\/commandes-groupees\/produit\/tablette-chocolat-lait-noisettes-torrefiees-45-de-cacao\/#primaryimage\",\"url\":\"https:\/\/www.bioenvrac.fr\/commandes-groupees\/wp-content\/uploads\/2023\/09\/Chocolat-lait-noisettes-45-500.jpg\",\"contentUrl\":\"https:\/\/www.bioenvrac.fr\/commandes-groupees\/wp-content\/uploads\/2023\/09\/Chocolat-lait-noisettes-45-500.jpg\",\"width\":500,\"height\":500},{\"@type\":\"BreadcrumbList\",\"@id\":\"https:\/\/www.bioenvrac.fr\/commandes-groupees\/produit\/tablette-chocolat-lait-noisettes-torrefiees-45-de-cacao\/#breadcrumb\",\"itemListElement\":[{\"@type\":\"ListItem\",\"position\":1,\"name\":\"Accueil\",\"item\":\"https:\/\/www.bioenvrac.fr\/commandes-groupees\/\"},{\"@type\":\"ListItem\",\"position\":2,\"name\":\"Boutique\",\"item\":\"https:\/\/www.bioenvrac.fr\/commandes-groupees\/boutique\/\"},{\"@type\":\"ListItem\",\"position\":3,\"name\":\"Tablette chocolat lait, noisettes torr\u00e9fi\u00e9es, 45% de cacao\"}]},{\"@type\":\"WebSite\",\"@id\":\"https:\/\/www.bioenvrac.fr\/commandes-groupees\/#website\",\"url\":\"https:\/\/www.bioenvrac.fr\/commandes-groupees\/\",\"name\":\"Commandes group\u00e9es de produits bio secs\",\"description\":\"Commandes group\u00e9es de produits bio secs\",\"publisher\":{\"@id\":\"https:\/\/www.bioenvrac.fr\/commandes-groupees\/#organization\"},\"potentialAction\":[{\"@type\":\"SearchAction\",\"target\":{\"@type\":\"EntryPoint\",\"urlTemplate\":\"https:\/\/www.bioenvrac.fr\/commandes-groupees\/?s={search_term_string}\"},\"query-input\":{\"@type\":\"PropertyValueSpecification\",\"valueRequired\":true,\"valueName\":\"search_term_string\"}}],\"inLanguage\":\"fr-FR\"},{\"@type\":\"Organization\",\"@id\":\"https:\/\/www.bioenvrac.fr\/commandes-groupees\/#organization\",\"name\":\"Bioenvrac\",\"url\":\"https:\/\/www.bioenvrac.fr\/commandes-groupees\/\",\"logo\":{\"@type\":\"ImageObject\",\"inLanguage\":\"fr-FR\",\"@id\":\"https:\/\/www.bioenvrac.fr\/commandes-groupees\/#\/schema\/logo\/image\/\",\"url\":\"https:\/\/www.bioenvrac.fr\/commandes-groupees\/wp-content\/uploads\/2023\/09\/bioenvrac-logo.jpg\",\"contentUrl\":\"https:\/\/www.bioenvrac.fr\/commandes-groupees\/wp-content\/uploads\/2023\/09\/bioenvrac-logo.jpg\",\"width\":696,\"height\":696,\"caption\":\"Bioenvrac\"},\"image\":{\"@id\":\"https:\/\/www.bioenvrac.fr\/commandes-groupees\/#\/schema\/logo\/image\/\"},\"sameAs\":[\"https:\/\/www.facebook.com\/bioenvrac\"]}]}<\/script>","yoast_head_json":{"title":"Tablette chocolat lait, noisettes torr\u00e9fi\u00e9es, 45% de cacao - Commandes group\u00e9es de produits bio secs","robots":{"index":"index","follow":"follow","max-snippet":"max-snippet:-1","max-image-preview":"max-image-preview:large","max-video-preview":"max-video-preview:-1"},"canonical":"https:\/\/www.bioenvrac.fr\/commandes-groupees\/produit\/tablette-chocolat-lait-noisettes-torrefiees-45-de-cacao\/","og_locale":"fr_FR","og_type":"article","og_title":"Tablette chocolat lait, noisettes torr\u00e9fi\u00e9es, 45% de cacao - Commandes group\u00e9es de produits bio secs","og_description":"Origine : Fabriqu\u00e9 en France \/Bretagne \u2022 La tablette de 100 g : 4,07 \u20ac","og_url":"https:\/\/www.bioenvrac.fr\/commandes-groupees\/produit\/tablette-chocolat-lait-noisettes-torrefiees-45-de-cacao\/","og_site_name":"Commandes group\u00e9es de produits bio secs","article_publisher":"https:\/\/www.facebook.com\/bioenvrac","article_modified_time":"2026-04-07T06:12:05+00:00","og_image":[{"width":500,"height":500,"url":"https:\/\/www.bioenvrac.fr\/commandes-groupees\/wp-content\/uploads\/2023\/09\/Chocolat-lait-noisettes-45-500.jpg","type":"image\/jpeg"}],"twitter_card":"summary_large_image","twitter_misc":{"Dur\u00e9e de lecture estim\u00e9e":"2 minutes"},"schema":{"@context":"https:\/\/schema.org","@graph":[{"@type":"WebPage","@id":"https:\/\/www.bioenvrac.fr\/commandes-groupees\/produit\/tablette-chocolat-lait-noisettes-torrefiees-45-de-cacao\/","url":"https:\/\/www.bioenvrac.fr\/commandes-groupees\/produit\/tablette-chocolat-lait-noisettes-torrefiees-45-de-cacao\/","name":"Tablette chocolat lait, noisettes torr\u00e9fi\u00e9es, 45% de cacao - Commandes group\u00e9es de produits bio secs","isPartOf":{"@id":"https:\/\/www.bioenvrac.fr\/commandes-groupees\/#website"},"primaryImageOfPage":{"@id":"https:\/\/www.bioenvrac.fr\/commandes-groupees\/produit\/tablette-chocolat-lait-noisettes-torrefiees-45-de-cacao\/#primaryimage"},"image":{"@id":"https:\/\/www.bioenvrac.fr\/commandes-groupees\/produit\/tablette-chocolat-lait-noisettes-torrefiees-45-de-cacao\/#primaryimage"},"thumbnailUrl":"https:\/\/www.bioenvrac.fr\/commandes-groupees\/wp-content\/uploads\/2023\/09\/Chocolat-lait-noisettes-45-500.jpg","datePublished":"2023-09-04T13:03:48+00:00","dateModified":"2026-04-07T06:12:05+00:00","breadcrumb":{"@id":"https:\/\/www.bioenvrac.fr\/commandes-groupees\/produit\/tablette-chocolat-lait-noisettes-torrefiees-45-de-cacao\/#breadcrumb"},"inLanguage":"fr-FR","potentialAction":[{"@type":"ReadAction","target":["https:\/\/www.bioenvrac.fr\/commandes-groupees\/produit\/tablette-chocolat-lait-noisettes-torrefiees-45-de-cacao\/"]}]},{"@type":"ImageObject","inLanguage":"fr-FR","@id":"https:\/\/www.bioenvrac.fr\/commandes-groupees\/produit\/tablette-chocolat-lait-noisettes-torrefiees-45-de-cacao\/#primaryimage","url":"https:\/\/www.bioenvrac.fr\/commandes-groupees\/wp-content\/uploads\/2023\/09\/Chocolat-lait-noisettes-45-500.jpg","contentUrl":"https:\/\/www.bioenvrac.fr\/commandes-groupees\/wp-content\/uploads\/2023\/09\/Chocolat-lait-noisettes-45-500.jpg","width":500,"height":500},{"@type":"BreadcrumbList","@id":"https:\/\/www.bioenvrac.fr\/commandes-groupees\/produit\/tablette-chocolat-lait-noisettes-torrefiees-45-de-cacao\/#breadcrumb","itemListElement":[{"@type":"ListItem","position":1,"name":"Accueil","item":"https:\/\/www.bioenvrac.fr\/commandes-groupees\/"},{"@type":"ListItem","position":2,"name":"Boutique","item":"https:\/\/www.bioenvrac.fr\/commandes-groupees\/boutique\/"},{"@type":"ListItem","position":3,"name":"Tablette chocolat lait, noisettes torr\u00e9fi\u00e9es, 45% de cacao"}]},{"@type":"WebSite","@id":"https:\/\/www.bioenvrac.fr\/commandes-groupees\/#website","url":"https:\/\/www.bioenvrac.fr\/commandes-groupees\/","name":"Commandes group\u00e9es de produits bio secs","description":"Commandes group\u00e9es de produits bio secs","publisher":{"@id":"https:\/\/www.bioenvrac.fr\/commandes-groupees\/#organization"},"potentialAction":[{"@type":"SearchAction","target":{"@type":"EntryPoint","urlTemplate":"https:\/\/www.bioenvrac.fr\/commandes-groupees\/?s={search_term_string}"},"query-input":{"@type":"PropertyValueSpecification","valueRequired":true,"valueName":"search_term_string"}}],"inLanguage":"fr-FR"},{"@type":"Organization","@id":"https:\/\/www.bioenvrac.fr\/commandes-groupees\/#organization","name":"Bioenvrac","url":"https:\/\/www.bioenvrac.fr\/commandes-groupees\/","logo":{"@type":"ImageObject","inLanguage":"fr-FR","@id":"https:\/\/www.bioenvrac.fr\/commandes-groupees\/#\/schema\/logo\/image\/","url":"https:\/\/www.bioenvrac.fr\/commandes-groupees\/wp-content\/uploads\/2023\/09\/bioenvrac-logo.jpg","contentUrl":"https:\/\/www.bioenvrac.fr\/commandes-groupees\/wp-content\/uploads\/2023\/09\/bioenvrac-logo.jpg","width":696,"height":696,"caption":"Bioenvrac"},"image":{"@id":"https:\/\/www.bioenvrac.fr\/commandes-groupees\/#\/schema\/logo\/image\/"},"sameAs":["https:\/\/www.facebook.com\/bioenvrac"]}]}},"_links":{"self":[{"href":"https:\/\/www.bioenvrac.fr\/commandes-groupees\/wp-json\/wp\/v2\/product\/9909","targetHints":{"allow":["GET"]}}],"collection":[{"href":"https:\/\/www.bioenvrac.fr\/commandes-groupees\/wp-json\/wp\/v2\/product"}],"about":[{"href":"https:\/\/www.bioenvrac.fr\/commandes-groupees\/wp-json\/wp\/v2\/types\/product"}],"wp:featuredmedia":[{"embeddable":true,"href":"https:\/\/www.bioenvrac.fr\/commandes-groupees\/wp-json\/wp\/v2\/media\/9945"}],"wp:attachment":[{"href":"https:\/\/www.bioenvrac.fr\/commandes-groupees\/wp-json\/wp\/v2\/media?parent=9909"}],"wp:term":[{"taxonomy":"product_brand","embeddable":true,"href":"https:\/\/www.bioenvrac.fr\/commandes-groupees\/wp-json\/wp\/v2\/product_brand?post=9909"},{"taxonomy":"product_cat","embeddable":true,"href":"https:\/\/www.bioenvrac.fr\/commandes-groupees\/wp-json\/wp\/v2\/product_cat?post=9909"},{"taxonomy":"product_tag","embeddable":true,"href":"https:\/\/www.bioenvrac.fr\/commandes-groupees\/wp-json\/wp\/v2\/product_tag?post=9909"}],"curies":[{"name":"wp","href":"https:\/\/api.w.org\/{rel}","templated":true}]}}